{"id":399,"date":"2021-09-17T09:00:39","date_gmt":"2021-09-17T09:00:39","guid":{"rendered":"http:\/\/twofold.fuelthemes.net\/?page_id=399"},"modified":"2021-09-17T10:30:10","modified_gmt":"2021-09-17T10:30:10","slug":"about-me","status":"publish","type":"page","link":"https:\/\/new.txoborro.net\/?page_id=399","title":{"rendered":"Biograf\u00eda"},"content":{"rendered":"<h4 class=\"primero\">Nac\u00ed en Bermeo el a\u00f1o 1959. Aficionado a la fotograf\u00eda desde muy joven, en los a\u00f1os 80 me hice socio del Bizkaia Club Cine Foto. Durante algunos a\u00f1os experiment\u00e9 en el laboratorio y aprend\u00ed los fundamentos de la fotograf\u00eda cl\u00e1sica de la mano de algunos de los excelentes fot\u00f3grafos que circulaban en aquella \u00e9poca por el club.<\/h4>\n<h4>Mi dedicaci\u00f3n a la fotograf\u00eda como afici\u00f3n ha sufrido altibajos a lo largo de los a\u00f1os. Desde hace unos 6 o 7 me inici\u00e9 en el mundo digital. Para m\u00ed la irrupci\u00f3n de la fotograf\u00eda digital en el mercado de consumo ha permitido el acceso del fot\u00f3grafo aficionado a la alta calidad, hasta entonces \u00fanicamente al alcance del profesional.<\/h4>\n<h4>Internet es otro nuevo recurso que me ha permitido mostrar mi obra y mantenerla actualizada de forma \u00e1gil y sencilla.<\/h4>\n<h4>Espero que os guste.<\/h4>\n<h4>Javi Fern\u00e1ndez<\/h4>\n","protected":false},"excerpt":{"rendered":"<p>Nac\u00ed en Bermeo el a\u00f1o 1959. Aficionado a la fotograf\u00eda desde muy joven, en los a\u00f1os 80 me hice socio del Bizkaia Club Cine Foto. Durante algunos a\u00f1os experiment\u00e9 en el laboratorio y aprend\u00ed los fundamentos de la fotograf\u00eda cl\u00e1sica de la mano de algunos de los excelentes fot\u00f3grafos que circulaban en aquella \u00e9poca por\u2026 <a class=\"excerpt-dot\" href=\"https:\/\/new.txoborro.net\/?page_id=399\" title=\"Biograf\u00eda\"><svg xmlns=\"http:\/\/www.w3.org\/2000\/svg\" version=\"1.1\" x=\"0\" y=\"0\" width=\"30.2\" height=\"14.2\" viewBox=\"0 0 30.2 14.2\" enable-background=\"new 0 0 30.167 14.168\" xml:space=\"preserve\"><path d=\"M0.1 7.1c0-0.4 0.4-0.8 0.8-0.8h26.5l-5-4.9c-0.3-0.3-0.3-0.8 0-1.1 0.3-0.3 0.8-0.3 1.1 0l6.3 6.2c0.3 0.3 0.3 0.8 0 1.1l-6.3 6.2c-0.2 0.2-0.4 0.2-0.6 0.2 -0.2 0-0.4-0.1-0.6-0.2 -0.3-0.3-0.3-0.8 0-1.1l4.9-4.8H0.9C0.5 7.9 0.1 7.6 0.1 7.1z\"\/><\/svg><\/a><\/p>\n","protected":false},"author":1,"featured_media":758,"parent":0,"menu_order":0,"comment_status":"closed","ping_status":"closed","template":"template-about.php","meta":{"footnotes":""},"class_list":["post-399","page","type-page","status-publish","has-post-thumbnail","hentry"],"yoast_head":"<!-- This site is optimized with the Yoast SEO plugin v17.1 - https:\/\/yoast.com\/wordpress\/plugins\/seo\/ -->\n<title>Biograf\u00eda - Txoborro<\/title>\n<meta name=\"robots\" content=\"index, follow, max-snippet:-1, max-image-preview:large, max-video-preview:-1\" \/>\n<link rel=\"canonical\" href=\"https:\/\/new.txoborro.net\/?page_id=399\" \/>\n<meta property=\"og:locale\" content=\"es_ES\" \/>\n<meta property=\"og:type\" content=\"article\" \/>\n<meta property=\"og:title\" content=\"Biograf\u00eda - Txoborro\" \/>\n<meta property=\"og:description\" content=\"Nac\u00ed en Bermeo el a\u00f1o 1959. Aficionado a la fotograf\u00eda desde muy joven, en los a\u00f1os 80 me hice socio del Bizkaia Club Cine Foto. Durante algunos a\u00f1os experiment\u00e9 en el laboratorio y aprend\u00ed los fundamentos de la fotograf\u00eda cl\u00e1sica de la mano de algunos de los excelentes fot\u00f3grafos que circulaban en aquella \u00e9poca por\u2026\" \/>\n<meta property=\"og:url\" content=\"https:\/\/new.txoborro.net\/?page_id=399\" \/>\n<meta property=\"og:site_name\" content=\"Txoborro\" \/>\n<meta property=\"article:modified_time\" content=\"2021-09-17T10:30:10+00:00\" \/>\n<meta property=\"og:image\" content=\"https:\/\/new.txoborro.net\/wp-content\/uploads\/2021\/08\/retrato-javier-fern.jpg\" \/>\n\t<meta property=\"og:image:width\" content=\"1920\" \/>\n\t<meta property=\"og:image:height\" content=\"980\" \/>\n<meta name=\"twitter:card\" content=\"summary_large_image\" \/>\n<meta name=\"twitter:label1\" content=\"Tiempo de lectura\" \/>\n\t<meta name=\"twitter:data1\" content=\"1 minuto\" \/>\n<script type=\"application\/ld+json\" class=\"yoast-schema-graph\">{\"@context\":\"https:\/\/schema.org\",\"@graph\":[{\"@type\":\"WebSite\",\"@id\":\"https:\/\/new.txoborro.net\/#website\",\"url\":\"https:\/\/new.txoborro.net\/\",\"name\":\"Txoborro\",\"description\":\"Javier Fern\\u00e1ndez. Fot\\u00f3grafo.\",\"potentialAction\":[{\"@type\":\"SearchAction\",\"target\":{\"@type\":\"EntryPoint\",\"urlTemplate\":\"https:\/\/new.txoborro.net\/?s={search_term_string}\"},\"query-input\":\"required name=search_term_string\"}],\"inLanguage\":\"es\"},{\"@type\":\"ImageObject\",\"@id\":\"https:\/\/new.txoborro.net\/?page_id=399#primaryimage\",\"inLanguage\":\"es\",\"url\":\"https:\/\/new.txoborro.net\/wp-content\/uploads\/2021\/08\/retrato-javier-fern.jpg\",\"contentUrl\":\"https:\/\/new.txoborro.net\/wp-content\/uploads\/2021\/08\/retrato-javier-fern.jpg\",\"width\":1920,\"height\":980,\"caption\":\"retrato\"},{\"@type\":\"WebPage\",\"@id\":\"https:\/\/new.txoborro.net\/?page_id=399#webpage\",\"url\":\"https:\/\/new.txoborro.net\/?page_id=399\",\"name\":\"Biograf\\u00eda - Txoborro\",\"isPartOf\":{\"@id\":\"https:\/\/new.txoborro.net\/#website\"},\"primaryImageOfPage\":{\"@id\":\"https:\/\/new.txoborro.net\/?page_id=399#primaryimage\"},\"datePublished\":\"2021-09-17T09:00:39+00:00\",\"dateModified\":\"2021-09-17T10:30:10+00:00\",\"breadcrumb\":{\"@id\":\"https:\/\/new.txoborro.net\/?page_id=399#breadcrumb\"},\"inLanguage\":\"es\",\"potentialAction\":[{\"@type\":\"ReadAction\",\"target\":[\"https:\/\/new.txoborro.net\/?page_id=399\"]}]},{\"@type\":\"BreadcrumbList\",\"@id\":\"https:\/\/new.txoborro.net\/?page_id=399#breadcrumb\",\"itemListElement\":[{\"@type\":\"ListItem\",\"position\":1,\"name\":\"Portada\",\"item\":\"https:\/\/new.txoborro.net\/\"},{\"@type\":\"ListItem\",\"position\":2,\"name\":\"Biograf\\u00eda\"}]}]}<\/script>\n<!-- \/ Yoast SEO plugin. -->","yoast_head_json":{"title":"Biograf\u00eda - Txoborro","robots":{"index":"index","follow":"follow","max-snippet":"max-snippet:-1","max-image-preview":"max-image-preview:large","max-video-preview":"max-video-preview:-1"},"canonical":"https:\/\/new.txoborro.net\/?page_id=399","og_locale":"es_ES","og_type":"article","og_title":"Biograf\u00eda - Txoborro","og_description":"Nac\u00ed en Bermeo el a\u00f1o 1959. Aficionado a la fotograf\u00eda desde muy joven, en los a\u00f1os 80 me hice socio del Bizkaia Club Cine Foto. Durante algunos a\u00f1os experiment\u00e9 en el laboratorio y aprend\u00ed los fundamentos de la fotograf\u00eda cl\u00e1sica de la mano de algunos de los excelentes fot\u00f3grafos que circulaban en aquella \u00e9poca por\u2026","og_url":"https:\/\/new.txoborro.net\/?page_id=399","og_site_name":"Txoborro","article_modified_time":"2021-09-17T10:30:10+00:00","og_image":[{"width":1920,"height":980,"url":"https:\/\/new.txoborro.net\/wp-content\/uploads\/2021\/08\/retrato-javier-fern.jpg","path":"\/var\/www\/vhosts\/new.txoborro.net\/httpdocs\/wp-content\/uploads\/2021\/08\/retrato-javier-fern.jpg","size":"full","id":758,"alt":"retrato","pixels":1881600,"type":"image\/jpeg"}],"twitter_card":"summary_large_image","twitter_misc":{"Tiempo de lectura":"1 minuto"},"schema":{"@context":"https:\/\/schema.org","@graph":[{"@type":"WebSite","@id":"https:\/\/new.txoborro.net\/#website","url":"https:\/\/new.txoborro.net\/","name":"Txoborro","description":"Javier Fern\u00e1ndez. Fot\u00f3grafo.","potentialAction":[{"@type":"SearchAction","target":{"@type":"EntryPoint","urlTemplate":"https:\/\/new.txoborro.net\/?s={search_term_string}"},"query-input":"required name=search_term_string"}],"inLanguage":"es"},{"@type":"ImageObject","@id":"https:\/\/new.txoborro.net\/?page_id=399#primaryimage","inLanguage":"es","url":"https:\/\/new.txoborro.net\/wp-content\/uploads\/2021\/08\/retrato-javier-fern.jpg","contentUrl":"https:\/\/new.txoborro.net\/wp-content\/uploads\/2021\/08\/retrato-javier-fern.jpg","width":1920,"height":980,"caption":"retrato"},{"@type":"WebPage","@id":"https:\/\/new.txoborro.net\/?page_id=399#webpage","url":"https:\/\/new.txoborro.net\/?page_id=399","name":"Biograf\u00eda - Txoborro","isPartOf":{"@id":"https:\/\/new.txoborro.net\/#website"},"primaryImageOfPage":{"@id":"https:\/\/new.txoborro.net\/?page_id=399#primaryimage"},"datePublished":"2021-09-17T09:00:39+00:00","dateModified":"2021-09-17T10:30:10+00:00","breadcrumb":{"@id":"https:\/\/new.txoborro.net\/?page_id=399#breadcrumb"},"inLanguage":"es","potentialAction":[{"@type":"ReadAction","target":["https:\/\/new.txoborro.net\/?page_id=399"]}]},{"@type":"BreadcrumbList","@id":"https:\/\/new.txoborro.net\/?page_id=399#breadcrumb","itemListElement":[{"@type":"ListItem","position":1,"name":"Portada","item":"https:\/\/new.txoborro.net\/"},{"@type":"ListItem","position":2,"name":"Biograf\u00eda"}]}]}},"_links":{"self":[{"href":"https:\/\/new.txoborro.net\/index.php?rest_route=\/wp\/v2\/pages\/399","targetHints":{"allow":["GET"]}}],"collection":[{"href":"https:\/\/new.txoborro.net\/index.php?rest_route=\/wp\/v2\/pages"}],"about":[{"href":"https:\/\/new.txoborro.net\/index.php?rest_route=\/wp\/v2\/types\/page"}],"author":[{"embeddable":true,"href":"https:\/\/new.txoborro.net\/index.php?rest_route=\/wp\/v2\/users\/1"}],"replies":[{"embeddable":true,"href":"https:\/\/new.txoborro.net\/index.php?rest_route=%2Fwp%2Fv2%2Fcomments&post=399"}],"version-history":[{"count":6,"href":"https:\/\/new.txoborro.net\/index.php?rest_route=\/wp\/v2\/pages\/399\/revisions"}],"predecessor-version":[{"id":801,"href":"https:\/\/new.txoborro.net\/index.php?rest_route=\/wp\/v2\/pages\/399\/revisions\/801"}],"wp:featuredmedia":[{"embeddable":true,"href":"https:\/\/new.txoborro.net\/index.php?rest_route=\/wp\/v2\/media\/758"}],"wp:attachment":[{"href":"https:\/\/new.txoborro.net\/index.php?rest_route=%2Fwp%2Fv2%2Fmedia&parent=399"}],"curies":[{"name":"wp","href":"https:\/\/api.w.org\/{rel}","templated":true}]}}

Biografía

<h4 class="primero">Nací en Bermeo el año 1959. Aficionado a la fotografía desde muy joven, en los años 80 me hice socio del Bizkaia Club Cine Foto. Durante algunos años experimenté en el laboratorio y aprendí los fundamentos de la fotografía clásica de la mano de algunos de los excelentes fotógrafos que circulaban en aquella época por el club.</h4>
<h4>Mi dedicación a la fotografía como afición ha sufrido altibajos a lo largo de los años. Desde hace unos 6 o 7 me inicié en el mundo digital. Para mí la irrupción de la fotografía digital en el mercado de consumo ha permitido el acceso del fotógrafo aficionado a la alta calidad, hasta entonces únicamente al alcance del profesional.</h4>
<h4>Internet es otro nuevo recurso que me ha permitido mostrar mi obra y mantenerla actualizada de forma ágil y sencilla.</h4>
<h4>Espero que os guste.</h4>
<h4>Javi Fernández</h4>

<p>Nací en Bermeo el año 1959. Aficionado a la fotografía desde muy joven, en los años 80 me hice socio del Bizkaia Club Cine Foto. Durante algunos años experimenté en el laboratorio y aprendí los fundamentos de la fotografía clásica de la mano de algunos de los excelentes fotógrafos que circulaban en aquella época por… <a class="excerpt-dot" href="https://new.txoborro.net/?page_id=399" title="Biografía"><svg xmlns="http://www.w3.org/2000/svg" version="1.1" x="0" y="0" width="30.2" height="14.2" viewBox="0 0 30.2 14.2" enable-background="new 0 0 30.167 14.168" xml:space="preserve"><path d="M0.1 7.1c0-0.4 0.4-0.8 0.8-0.8h26.5l-5-4.9c-0.3-0.3-0.3-0.8 0-1.1 0.3-0.3 0.8-0.3 1.1 0l6.3 6.2c0.3 0.3 0.3 0.8 0 1.1l-6.3 6.2c-0.2 0.2-0.4 0.2-0.6 0.2 -0.2 0-0.4-0.1-0.6-0.2 -0.3-0.3-0.3-0.8 0-1.1l4.9-4.8H0.9C0.5 7.9 0.1 7.6 0.1 7.1z"/></svg></a></p>

<!-- This site is optimized with the Yoast SEO plugin v17.1 - https://yoast.com/wordpress/plugins/seo/ -->
<title>Biografía - Txoborro</title>
<meta name="robots" content="index, follow, max-snippet:-1, max-image-preview:large, max-video-preview:-1" />
<link rel="canonical" href="https://new.txoborro.net/?page_id=399" />
<meta property="og:locale" content="es_ES" />
<meta property="og:type" content="article" />
<meta property="og:title" content="Biografía - Txoborro" />
<meta property="og:description" content="Nací en Bermeo el año 1959. Aficionado a la fotografía desde muy joven, en los años 80 me hice socio del Bizkaia Club Cine Foto. Durante algunos años experimenté en el laboratorio y aprendí los fundamentos de la fotografía clásica de la mano de algunos de los excelentes fotógrafos que circulaban en aquella época por…" />
<meta property="og:url" content="https://new.txoborro.net/?page_id=399" />
<meta property="og:site_name" content="Txoborro" />
<meta property="article:modified_time" content="2021-09-17T10:30:10+00:00" />
<meta property="og:image" content="https://new.txoborro.net/wp-content/uploads/2021/08/retrato-javier-fern.jpg" />
	<meta property="og:image:width" content="1920" />
	<meta property="og:image:height" content="980" />
<meta name="twitter:card" content="summary_large_image" />
<meta name="twitter:label1" content="Tiempo de lectura" />
	<meta name="twitter:data1" content="1 minuto" />
<script type="application/ld+json" class="yoast-schema-graph">{"@context":"https://schema.org","@graph":[{"@type":"WebSite","@id":"https://new.txoborro.net/#website","url":"https://new.txoborro.net/","name":"Txoborro","description":"Javier Fern\u00e1ndez. Fot\u00f3grafo.","potentialAction":[{"@type":"SearchAction","target":{"@type":"EntryPoint","urlTemplate":"https://new.txoborro.net/?s={search_term_string}"},"query-input":"required name=search_term_string"}],"inLanguage":"es"},{"@type":"ImageObject","@id":"https://new.txoborro.net/?page_id=399#primaryimage","inLanguage":"es","url":"https://new.txoborro.net/wp-content/uploads/2021/08/retrato-javier-fern.jpg","contentUrl":"https://new.txoborro.net/wp-content/uploads/2021/08/retrato-javier-fern.jpg","width":1920,"height":980,"caption":"retrato"},{"@type":"WebPage","@id":"https://new.txoborro.net/?page_id=399#webpage","url":"https://new.txoborro.net/?page_id=399","name":"Biograf\u00eda - Txoborro","isPartOf":{"@id":"https://new.txoborro.net/#website"},"primaryImageOfPage":{"@id":"https://new.txoborro.net/?page_id=399#primaryimage"},"datePublished":"2021-09-17T09:00:39+00:00","dateModified":"2021-09-17T10:30:10+00:00","breadcrumb":{"@id":"https://new.txoborro.net/?page_id=399#breadcrumb"},"inLanguage":"es","potentialAction":[{"@type":"ReadAction","target":["https://new.txoborro.net/?page_id=399"]}]},{"@type":"BreadcrumbList","@id":"https://new.txoborro.net/?page_id=399#breadcrumb","itemListElement":[{"@type":"ListItem","position":1,"name":"Portada","item":"https://new.txoborro.net/"},{"@type":"ListItem","position":2,"name":"Biograf\u00eda"}]}]}</script>
<!-- / Yoast SEO plugin. -->

Biografía - Txoborro

Nací en Bermeo el año 1959. Aficionado a la fotografía desde muy joven, en los años 80 me hice socio del Bizkaia Club Cine Foto. Durante algunos años experimenté en el laboratorio y aprendí los fundamentos de la fotografía clásica de la mano de algunos de los excelentes fotógrafos que circulaban en aquella época por…

Javier Fernández. Fotógrafo.
